[INFO] fetching crate frame-executive 2.0.0-rc6...
[INFO] checking frame-executive-2.0.0-rc6 against try#72f88fc4e9458f89516a0b8b0868f3718aec5b47 for pr-74989
[INFO] extracting crate frame-executive 2.0.0-rc6 into /workspace/builds/worker-13/source
[INFO] validating manifest of crates.io crate frame-executive 2.0.0-rc6 on toolchain 72f88fc4e9458f89516a0b8b0868f3718aec5b47
[INFO] running `Command { std: "/workspace/cargo-home/bin/cargo" "+72f88fc4e9458f89516a0b8b0868f3718aec5b47" "read-manifest" "--manifest-path" "Cargo.toml", kill_on_drop: false }`
[INFO] started tweaking crates.io crate frame-executive 2.0.0-rc6
[INFO] finished tweaking crates.io crate frame-executive 2.0.0-rc6
[INFO] tweaked toml for crates.io crate frame-executive 2.0.0-rc6 written to /workspace/builds/worker-13/source/Cargo.toml
[INFO] running `Command { std: "/workspace/cargo-home/bin/cargo" "+72f88fc4e9458f89516a0b8b0868f3718aec5b47" "generate-lockfile" "--manifest-path" "Cargo.toml" "-Zno-index-update", kill_on_drop: false }`
[INFO] running `Command { std: "/workspace/cargo-home/bin/cargo" "+72f88fc4e9458f89516a0b8b0868f3718aec5b47" "fetch" "--locked" "--manifest-path" "Cargo.toml", kill_on_drop: false }`
[INFO] [stderr]     Blocking waiting for file lock on package cache
[INFO] running `Command { std: "docker" "create" "-v" "/var/lib/crater-agent-workspace/builds/worker-13/target:/opt/rustwide/target:rw,Z" "-v" "/var/lib/crater-agent-workspace/builds/worker-13/source:/opt/rustwide/workdir:ro,Z" "-v" "/var/lib/crater-agent-workspace/cargo-home:/opt/rustwide/cargo-home:ro,Z" "-v" "/var/lib/crater-agent-workspace/rustup-home:/opt/rustwide/rustup-home:ro,Z" "-e" "SOURCE_DIR=/opt/rustwide/workdir" "-e" "CARGO_TARGET_DIR=/opt/rustwide/target" "-e" "CARGO_HOME=/opt/rustwide/cargo-home" "-e" "RUSTUP_HOME=/opt/rustwide/rustup-home" "-w" "/opt/rustwide/workdir" "-m" "1610612736" "--user" "0:0" "--network" "none" "rustops/crates-build-env@sha256:d92eaeed33fa75130ca1ee6c8a01d1ffb62bac859dfdfb3450e3e5d1c0146529" "/opt/rustwide/cargo-home/bin/cargo" "+72f88fc4e9458f89516a0b8b0868f3718aec5b47" "metadata" "--no-deps" "--format-version=1", kill_on_drop: false }`
[INFO] [stdout] dae3fb625b0425a57ab0e5dee5d05d4ee51820fb6a4d3f81b5551fbe06a21589
[INFO] [stderr] WARNING: Your kernel does not support swap limit capabilities or the cgroup is not mounted. Memory limited without swap.
[INFO] running `Command { std: "docker" "start" "-a" "dae3fb625b0425a57ab0e5dee5d05d4ee51820fb6a4d3f81b5551fbe06a21589", kill_on_drop: false }`
[INFO] running `Command { std: "docker" "inspect" "dae3fb625b0425a57ab0e5dee5d05d4ee51820fb6a4d3f81b5551fbe06a21589", kill_on_drop: false }`
[INFO] running `Command { std: "docker" "rm" "-f" "dae3fb625b0425a57ab0e5dee5d05d4ee51820fb6a4d3f81b5551fbe06a21589", kill_on_drop: false }`
[INFO] [stdout] dae3fb625b0425a57ab0e5dee5d05d4ee51820fb6a4d3f81b5551fbe06a21589
[INFO] running `Command { std: "docker" "create" "-v" "/var/lib/crater-agent-workspace/builds/worker-13/target:/opt/rustwide/target:rw,Z" "-v" "/var/lib/crater-agent-workspace/builds/worker-13/source:/opt/rustwide/workdir:ro,Z" "-v" "/var/lib/crater-agent-workspace/cargo-home:/opt/rustwide/cargo-home:ro,Z" "-v" "/var/lib/crater-agent-workspace/rustup-home:/opt/rustwide/rustup-home:ro,Z" "-e" "SOURCE_DIR=/opt/rustwide/workdir" "-e" "CARGO_TARGET_DIR=/opt/rustwide/target" "-e" "CARGO_INCREMENTAL=0" "-e" "RUST_BACKTRACE=full" "-e" "RUSTFLAGS=--cap-lints=forbid" "-e" "CARGO_HOME=/opt/rustwide/cargo-home" "-e" "RUSTUP_HOME=/opt/rustwide/rustup-home" "-w" "/opt/rustwide/workdir" "-m" "1610612736" "--user" "0:0" "--network" "none" "rustops/crates-build-env@sha256:d92eaeed33fa75130ca1ee6c8a01d1ffb62bac859dfdfb3450e3e5d1c0146529" "/opt/rustwide/cargo-home/bin/cargo" "+72f88fc4e9458f89516a0b8b0868f3718aec5b47" "check" "--frozen" "--all" "--all-targets" "--message-format=json", kill_on_drop: false }`
[INFO] [stderr] WARNING: Your kernel does not support swap limit capabilities or the cgroup is not mounted. Memory limited without swap.
[INFO] [stdout] d9a225f52bc8ba735bd85952787904104ed6e6ada84a2594f501296aa3dc1fb0
[INFO] running `Command { std: "docker" "start" "-a" "d9a225f52bc8ba735bd85952787904104ed6e6ada84a2594f501296aa3dc1fb0", kill_on_drop: false }`
[INFO] [stderr]    Compiling proc-macro2 v1.0.21
[INFO] [stderr]    Compiling unicode-xid v0.2.1
[INFO] [stderr]    Compiling syn v1.0.40
[INFO] [stderr]    Compiling libc v0.2.77
[INFO] [stderr]    Compiling serde v1.0.116
[INFO] [stderr]    Compiling getrandom v0.1.15
[INFO] [stderr]    Compiling byteorder v1.3.4
[INFO] [stderr]     Checking ppv-lite86 v0.2.9
[INFO] [stderr]     Checking smallvec v1.4.2
[INFO] [stderr]     Checking arrayvec v0.5.1
[INFO] [stderr]     Checking radium v0.3.0
[INFO] [stderr]     Checking byte-slice-cast v0.3.5
[INFO] [stderr]     Checking instant v0.1.6
[INFO] [stderr]     Checking subtle v2.3.0
[INFO] [stderr]     Checking static_assertions v1.1.0
[INFO] [stderr]    Compiling log v0.4.11
[INFO] [stderr]     Checking sp-std v2.0.0-rc6
[INFO] [stderr]    Compiling lazy_static v1.4.0
[INFO] [stderr]     Checking parity-wasm v0.41.0
[INFO] [stderr]    Compiling regex-syntax v0.6.18
[INFO] [stderr]     Checking futures-core v0.3.5
[INFO] [stderr]     Checking ahash v0.3.8
[INFO] [stderr]     Checking futures-io v0.3.5
[INFO] [stderr]     Checking hash-db v0.15.2
[INFO] [stderr]     Checking memory_units v0.3.0
[INFO] [stderr]    Compiling parity-util-mem v0.7.0
[INFO] [stderr]    Compiling arrayvec v0.4.12
[INFO] [stderr]     Checking stable_deref_trait v1.2.0
[INFO] [stderr]     Checking pin-utils v0.1.0
[INFO] [stderr]     Checking opaque-debug v0.3.0
[INFO] [stderr]     Checking nodrop v0.1.14
[INFO] [stderr]     Checking cpuid-bool v0.1.2
[INFO] [stderr]    Compiling tiny-keccak v2.0.2
[INFO] [stderr]     Checking environmental v1.1.1
[INFO] [stderr]     Checking signature v1.2.2
[INFO] [stderr]     Checking dyn-clone v1.0.2
[INFO] [stderr]     Checking base58 v0.1.0
[INFO] [stderr]     Checking hex v0.4.2
[INFO] [stderr]     Checking bitmask v0.5.0
[INFO] [stderr]    Compiling num-integer v0.1.43
[INFO] [stderr]    Compiling num-bigint v0.2.6
[INFO] [stderr]    Compiling hashbrown v0.8.2
[INFO] [stderr]    Compiling num-rational v0.2.4
[INFO] [stderr]     Checking itertools v0.9.0
[INFO] [stderr]     Checking lock_api v0.4.1
[INFO] [stderr]    Compiling generic-array v0.14.4
[INFO] [stderr]    Compiling paste-impl v0.1.18
[INFO] [stderr]     Checking tracing-core v0.1.16
[INFO] [stderr]    Compiling thread_local v1.0.1
[INFO] [stderr]     Checking bitvec v0.17.4
[INFO] [stderr]     Checking futures-channel v0.3.5
[INFO] [stderr]     Checking trie-root v0.16.0
[INFO] [stderr]     Checking ed25519 v1.0.2
[INFO] [stderr]    Compiling memchr v2.3.3
[INFO] [stderr]     Checking generic-array v0.12.3
[INFO] [stderr]     Checking hash256-std-hasher v0.15.2
[INFO] [stderr]     Checking integer-sqrt v0.1.5
[INFO] [stderr]    Compiling aho-corasick v0.7.13
[INFO] [stderr]     Checking digest v0.8.1
[INFO] [stderr]     Checking crypto-mac v0.7.0
[INFO] [stderr]     Checking block-buffer v0.7.3
[INFO] [stderr]     Checking uint v0.8.5
[INFO] [stderr]     Checking pbkdf2 v0.3.0
[INFO] [stderr]     Checking blake2-rfc v0.2.18
[INFO] [stderr]     Checking hmac v0.7.1
[INFO] [stderr]     Checking paste v0.1.18
[INFO] [stderr]     Checking sha2 v0.8.2
[INFO] [stderr]     Checking hmac-drbg v0.2.0
[INFO] [stderr]     Checking digest v0.9.0
[INFO] [stderr]     Checking block-buffer v0.9.0
[INFO] [stderr]    Compiling quote v1.0.7
[INFO] [stderr]     Checking trie-db v0.22.1
[INFO] [stderr]     Checking sha2 v0.9.1
[INFO] [stderr]     Checking wasmi-validation v0.3.0
[INFO] [stderr]     Checking parking_lot_core v0.8.0
[INFO] [stderr]     Checking backtrace v0.3.50
[INFO] [stderr]     Checking parking_lot_core v0.7.2
[INFO] [stderr]     Checking num_cpus v1.13.0
[INFO] [stderr]     Checking rand_core v0.5.1
[INFO] [stderr]     Checking parking_lot v0.11.0
[INFO] [stderr]     Checking parking_lot v0.10.2
[INFO] [stderr]     Checking sp-panic-handler v2.0.0-rc6
[INFO] [stderr]     Checking rand_chacha v0.2.2
[INFO] [stderr]     Checking rand_pcg v0.2.1
[INFO] [stderr]     Checking once_cell v1.4.1
[INFO] [stderr]     Checking futures-task v0.3.5
[INFO] [stderr]     Checking rand v0.7.3
[INFO] [stderr]     Checking wasmi v0.6.2
[INFO] [stderr]    Compiling regex v1.3.9
[INFO] [stderr]     Checking fixed-hash v0.6.1
[INFO] [stderr]     Checking twox-hash v1.5.0
[INFO] [stderr]     Checking libsecp256k1 v0.3.5
[INFO] [stderr]    Compiling Inflector v0.11.4
[INFO] [stderr]    Compiling synstructure v0.12.4
[INFO] [stderr]    Compiling serde_derive v1.0.116
[INFO] [stderr]    Compiling zeroize_derive v1.0.0
[INFO] [stderr]    Compiling impl-trait-for-tuples v0.1.3
[INFO] [stderr]    Compiling ref-cast-impl v1.0.2
[INFO] [stderr]    Compiling pin-project-internal v0.4.23
[INFO] [stderr]    Compiling sp-debug-derive v2.0.0-rc6
[INFO] [stderr]    Compiling futures-macro v0.3.5
[INFO] [stderr]    Compiling tracing-attributes v0.1.11
[INFO] [stderr]    Compiling rental-impl v0.5.5
[INFO] [stderr]    Compiling parity-util-mem-derive v0.1.0
[INFO] [stderr]    Compiling failure_derive v0.1.8
[INFO] [stderr]    Compiling dyn-clonable-impl v0.9.0
[INFO] [stderr]    Compiling derive_more v0.99.10
[INFO] [stderr]    Compiling frame-support-procedural-tools-derive v2.0.0-rc6
[INFO] [stderr]     Checking dyn-clonable v0.9.0
[INFO] [stderr]     Checking zeroize v1.1.0
[INFO] [stderr]     Checking ref-cast v1.0.2
[INFO] [stderr]     Checking merlin v2.0.0
[INFO] [stderr]     Checking curve25519-dalek v2.1.0
[INFO] [stderr]     Checking curve25519-dalek v3.0.0
[INFO] [stderr]     Checking secrecy v0.6.0
[INFO] [stderr]     Checking failure v0.1.8
[INFO] [stderr]     Checking tiny-bip39 v0.7.3
[INFO] [stderr]     Checking tracing v0.1.19
[INFO] [stderr]     Checking schnorrkel v0.9.1
[INFO] [stderr]     Checking pin-project v0.4.23
[INFO] [stderr]     Checking futures-util v0.3.5
[INFO] [stderr]     Checking substrate-bip39 v0.4.2
[INFO] [stderr]     Checking futures-executor v0.3.5
[INFO] [stderr]     Checking futures v0.3.5
[INFO] [stderr]     Checking rental v0.5.5
[INFO] [stderr]     Checking sp-tracing v2.0.0-rc6
[INFO] [stderr]     Checking impl-serde v0.3.1
[INFO] [stderr]     Checking impl-serde v0.2.3
[INFO] [stderr]     Checking ed25519-dalek v1.0.0
[INFO] [stderr]    Compiling toml v0.5.6
[INFO] [stderr]    Compiling proc-macro-crate v0.1.5
[INFO] [stderr]    Compiling frame-support-procedural-tools v2.0.0-rc6
[INFO] [stderr]    Compiling parity-scale-codec-derive v1.2.2
[INFO] [stderr]    Compiling sp-runtime-interface-proc-macro v2.0.0-rc6
[INFO] [stderr]    Compiling frame-support-procedural v2.0.0-rc6
[INFO] [stderr]     Checking parity-scale-codec v1.3.5
[INFO] [stderr]     Checking impl-codec v0.4.2
[INFO] [stderr]     Checking sp-storage v2.0.0-rc6
[INFO] [stderr]     Checking sp-wasm-interface v2.0.0-rc6
[INFO] [stderr]     Checking sp-arithmetic v2.0.0-rc6
[INFO] [stderr]     Checking primitive-types v0.7.2
[INFO] [stderr]     Checking sp-externalities v0.8.0-rc6
[INFO] [stderr]     Checking sp-runtime-interface v2.0.0-rc6
[INFO] [stderr]     Checking memory-db v0.24.1
[INFO] [stderr]     Checking sp-core v2.0.0-rc6
[INFO] [stderr]     Checking sp-trie v2.0.0-rc6
[INFO] [stderr]     Checking sp-inherents v2.0.0-rc6
[INFO] [stderr]     Checking frame-metadata v11.0.0-rc6
[INFO] [stderr]     Checking sp-state-machine v0.8.0-rc6
[INFO] [stderr]     Checking sp-io v2.0.0-rc6
[INFO] [stderr]     Checking sp-application-crypto v2.0.0-rc6
[INFO] [stderr]     Checking sp-runtime v2.0.0-rc6
[INFO] [stderr]     Checking frame-support v2.0.0-rc6
[INFO] [stderr]     Checking sp-version v2.0.0-rc6
[INFO] [stderr]     Checking frame-system v2.0.0-rc6
[INFO] [stderr]     Checking frame-executive v2.0.0-rc6 (/opt/rustwide/workdir)
[INFO] [stdout] error[E0432]: unresolved import `sp_core`
[INFO] [stdout]    --> src/lib.rs:456:6
[INFO] [stdout]     |
[INFO] [stdout] 456 |     use sp_core::H256;
[INFO] [stdout]     |         ^^^^^^^ use of undeclared type or module `sp_core`
[INFO] [stdout] 
[INFO] [stdout] 
[INFO] [stdout] error[E0432]: unresolved import `pallet_balances`
[INFO] [stdout]    --> src/lib.rs:468:6
[INFO] [stdout]     |
[INFO] [stdout] 468 |     use pallet_balances::Call as BalancesCall;
[INFO] [stdout]     |         ^^^^^^^^^^^^^^^ use of undeclared type or module `pallet_balances`
[INFO] [stdout] 
[INFO] [stdout] 
[INFO] [stdout] error[E0432]: unresolved import `hex_literal`
[INFO] [stdout]    --> src/lib.rs:469:6
[INFO] [stdout]     |
[INFO] [stdout] 469 |     use hex_literal::hex;
[INFO] [stdout]     |         ^^^^^^^^^^^ use of undeclared type or module `hex_literal`
[INFO] [stdout] 
[INFO] [stdout] 
[INFO] [stdout] error[E0432]: unresolved import `pallet_balances`
[INFO] [stdout]    --> src/lib.rs:516:6
[INFO] [stdout]     |
[INFO] [stdout] 516 |     use pallet_balances as balances;
[INFO] [stdout]     |         ^^^^^^^^^^^^^^^^^^^^^^^^^^^ no `pallet_balances` external crate
[INFO] [stdout] 
[INFO] [stdout] 
[INFO] [stdout] error: cannot determine resolution for the macro `hex`
[INFO] [stdout]    --> src/lib.rs:716:18
[INFO] [stdout]     |
[INFO] [stdout] 716 |                     state_root: hex!("e8ff7b3dd4375f6f3a76e24a1999e2a7be2d15b353e49ac94ace1eae3e80eb87").into(),
[INFO] [stdout]     |                                 ^^^
[INFO] [stdout]     |
[INFO] [stdout]     = note: import resolution is stuck, try simplifying macro imports
[INFO] [stdout] 
[INFO] [stdout] 
[INFO] [stdout] error: cannot determine resolution for the macro `hex`
[INFO] [stdout]    --> src/lib.rs:717:23
[INFO] [stdout]     |
[INFO] [stdout] 717 |                     extrinsics_root: hex!("03170a2e7597b7b7e3d84c05391d139a62b157e78786d8c082f29dcf4c111314").into(),
[INFO] [stdout]     |                                      ^^^
[INFO] [stdout]     |
[INFO] [stdout]     = note: import resolution is stuck, try simplifying macro imports
[INFO] [stdout] 
[INFO] [stdout] 
[INFO] [stdout] error: cannot determine resolution for the macro `hex`
[INFO] [stdout]    --> src/lib.rs:734:23
[INFO] [stdout]     |
[INFO] [stdout] 734 |                     extrinsics_root: hex!("03170a2e7597b7b7e3d84c05391d139a62b157e78786d8c082f29dcf4c111314").into(),
[INFO] [stdout]     |                                      ^^^
[INFO] [stdout]     |
[INFO] [stdout]     = note: import resolution is stuck, try simplifying macro imports
[INFO] [stdout] 
[INFO] [stdout] 
[INFO] [stdout] error: cannot determine resolution for the macro `hex`
[INFO] [stdout]    --> src/lib.rs:750:18
[INFO] [stdout]     |
[INFO] [stdout] 750 |                     state_root: hex!("49cd58a254ccf6abc4a023d9a22dcfc421e385527a250faec69f8ad0d8ed3e48").into(),
[INFO] [stdout]     |                                 ^^^
[INFO] [stdout]     |
[INFO] [stdout]     = note: import resolution is stuck, try simplifying macro imports
[INFO] [stdout] 
[INFO] [stdout] 
[INFO] [stdout] error[E0433]: failed to resolve: use of undeclared type or module `pallet_balances`
[INFO] [stdout]    --> src/lib.rs:513:18
[INFO] [stdout]     |
[INFO] [stdout] 513 |     type Balances = pallet_balances::Module<Runtime>;
[INFO] [stdout]     |                     ^^^^^^^^^^^^^^^ use of undeclared type or module `pallet_balances`
[INFO] [stdout] 
[INFO] [stdout] 
[INFO] [stdout] error[E0433]: failed to resolve: use of undeclared type or module `sp_core`
[INFO] [stdout]    --> src/lib.rs:555:15
[INFO] [stdout]     |
[INFO] [stdout] 555 |         type Hash = sp_core::H256;
[INFO] [stdout]     |                     ^^^^^^^ use of undeclared type or module `sp_core`
[INFO] [stdout] 
[INFO] [stdout] 
[INFO] [stdout] error[E0433]: failed to resolve: use of undeclared type or module `pallet_balances`
[INFO] [stdout]    --> src/lib.rs:571:22
[INFO] [stdout]     |
[INFO] [stdout] 571 |         type AccountData = pallet_balances::AccountData<Balance>;
[INFO] [stdout]     |                            ^^^^^^^^^^^^^^^ use of undeclared type or module `pallet_balances`
[INFO] [stdout] 
[INFO] [stdout] 
[INFO] [stdout] error[E0433]: failed to resolve: use of undeclared type or module `pallet_balances`
[INFO] [stdout]    --> src/lib.rs:581:7
[INFO] [stdout]     |
[INFO] [stdout] 581 |     impl pallet_balances::Trait for Runtime {
[INFO] [stdout]     |          ^^^^^^^^^^^^^^^ use of undeclared type or module `pallet_balances`
[INFO] [stdout] 
[INFO] [stdout] 
[INFO] [stdout] error[E0433]: failed to resolve: use of undeclared type or module `pallet_transaction_payment`
[INFO] [stdout]    --> src/lib.rs:593:7
[INFO] [stdout]     |
[INFO] [stdout] 593 |     impl pallet_transaction_payment::Trait for Runtime {
[INFO] [stdout]     |          ^^^^^^^^^^^^^^^^^^^^^^^^^^ use of undeclared type or module `pallet_transaction_payment`
[INFO] [stdout] 
[INFO] [stdout] 
[INFO] [stdout] error[E0433]: failed to resolve: use of undeclared type or module `sp_version`
[INFO] [stdout]    --> src/lib.rs:621:34
[INFO] [stdout]     |
[INFO] [stdout] 621 |     impl frame_support::traits::Get<sp_version::RuntimeVersion> for RuntimeVersion {
[INFO] [stdout]     |                                     ^^^^^^^^^^ use of undeclared type or module `sp_version`
[INFO] [stdout] 
[INFO] [stdout] 
[INFO] [stdout] error[E0433]: failed to resolve: use of undeclared type or module `sp_version`
[INFO] [stdout]    --> src/lib.rs:622:15
[INFO] [stdout]     |
[INFO] [stdout] 622 |         fn get() -> sp_version::RuntimeVersion {
[INFO] [stdout]     |                     ^^^^^^^^^^ use of undeclared type or module `sp_version`
[INFO] [stdout] 
[INFO] [stdout] 
[INFO] [stdout] error[E0433]: failed to resolve: use of undeclared type or module `sp_version`
[INFO] [stdout]    --> src/lib.rs:628:50
[INFO] [stdout]     |
[INFO] [stdout] 628 |         pub static RUNTIME_VERSION: std::cell::RefCell<sp_version::RuntimeVersion> =
[INFO] [stdout]     |                                                        ^^^^^^^^^^ use of undeclared type or module `sp_version`
[INFO] [stdout] 
[INFO] [stdout] 
[INFO] [stdout] error[E0433]: failed to resolve: use of undeclared type or module `pallet_transaction_payment`
[INFO] [stdout]    --> src/lib.rs:636:3
[INFO] [stdout]     |
[INFO] [stdout] 636 |         pallet_transaction_payment::ChargeTransactionPayment<Runtime>,
[INFO] [stdout]     |         ^^^^^^^^^^^^^^^^^^^^^^^^^^ use of undeclared type or module `pallet_transaction_payment`
[INFO] [stdout] 
[INFO] [stdout] 
[INFO] [stdout] error[E0433]: failed to resolve: use of undeclared type or module `pallet_transaction_payment`
[INFO] [stdout]    --> src/lib.rs:667:4
[INFO] [stdout]     |
[INFO] [stdout] 667 |             pallet_transaction_payment::ChargeTransactionPayment::from(fee)
[INFO] [stdout]     |             ^^^^^^^^^^^^^^^^^^^^^^^^^^ use of undeclared type or module `pallet_transaction_payment`
[INFO] [stdout] 
[INFO] [stdout] 
[INFO] [stdout] error[E0433]: failed to resolve: use of undeclared type or module `pallet_balances`
[INFO] [stdout]    --> src/lib.rs:678:3
[INFO] [stdout]     |
[INFO] [stdout] 678 |         pallet_balances::GenesisConfig::<Runtime> {
[INFO] [stdout]     |         ^^^^^^^^^^^^^^^ use of undeclared type or module `pallet_balances`
[INFO] [stdout] 
[INFO] [stdout] 
[INFO] [stdout] error[E0433]: failed to resolve: use of undeclared type or module `pallet_transaction_payment`
[INFO] [stdout]    --> src/lib.rs:684:18
[INFO] [stdout]     |
[INFO] [stdout] 684 |             = <Runtime as pallet_transaction_payment::Trait>::WeightToFee::calc(&weight);
[INFO] [stdout]     |                           ^^^^^^^^^^^^^^^^^^^^^^^^^^ use of undeclared type or module `pallet_transaction_payment`
[INFO] [stdout] 
[INFO] [stdout] 
[INFO] [stdout] error[E0433]: failed to resolve: use of undeclared type or module `pallet_balances`
[INFO] [stdout]    --> src/lib.rs:696:16
[INFO] [stdout]     |
[INFO] [stdout] 696 |             assert_eq!(<pallet_balances::Module<Runtime>>::total_balance(&1), 142 - fee);
[INFO] [stdout]     |                         ^^^^^^^^^^^^^^^ use of undeclared type or module `pallet_balances`
[INFO] [stdout] 
[INFO] [stdout] 
[INFO] [stdout] error[E0433]: failed to resolve: use of undeclared type or module `pallet_balances`
[INFO] [stdout]    --> src/lib.rs:697:16
[INFO] [stdout]     |
[INFO] [stdout] 697 |             assert_eq!(<pallet_balances::Module<Runtime>>::total_balance(&2), 69);
[INFO] [stdout]     |                         ^^^^^^^^^^^^^^^ use of undeclared type or module `pallet_balances`
[INFO] [stdout] 
[INFO] [stdout] 
[INFO] [stdout] error[E0433]: failed to resolve: use of undeclared type or module `pallet_balances`
[INFO] [stdout]    --> src/lib.rs:703:3
[INFO] [stdout]     |
[INFO] [stdout] 703 |         pallet_balances::GenesisConfig::<Runtime> {
[INFO] [stdout]     |         ^^^^^^^^^^^^^^^ use of undeclared type or module `pallet_balances`
[INFO] [stdout] 
[INFO] [stdout] 
[INFO] [stdout] error[E0433]: failed to resolve: use of undeclared type or module `pallet_balances`
[INFO] [stdout]    --> src/lib.rs:891:6
[INFO] [stdout]     |
[INFO] [stdout] 891 |                 <pallet_balances::Module<Runtime> as LockableCurrency<Balance>>::set_lock(
[INFO] [stdout]     |                  ^^^^^^^^^^^^^^^ use of undeclared type or module `pallet_balances`
[INFO] [stdout] 
[INFO] [stdout] 
[INFO] [stdout] error[E0433]: failed to resolve: use of undeclared type or module `pallet_transaction_payment`
[INFO] [stdout]    --> src/lib.rs:904:18
[INFO] [stdout]     |
[INFO] [stdout] 904 |                     <Runtime as pallet_transaction_payment::Trait>::WeightToFee::calc(&weight);
[INFO] [stdout]     |                                 ^^^^^^^^^^^^^^^^^^^^^^^^^^ use of undeclared type or module `pallet_transaction_payment`
[INFO] [stdout] 
[INFO] [stdout] 
[INFO] [stdout] error[E0433]: failed to resolve: use of undeclared type or module `pallet_balances`
[INFO] [stdout]    --> src/lib.rs:916:18
[INFO] [stdout]     |
[INFO] [stdout] 916 |                     assert_eq!(<pallet_balances::Module<Runtime>>::total_balance(&1), 111 - fee);
[INFO] [stdout]     |                                 ^^^^^^^^^^^^^^^ use of undeclared type or module `pallet_balances`
[INFO] [stdout] 
[INFO] [stdout] 
[INFO] [stdout] error[E0433]: failed to resolve: use of undeclared type or module `pallet_balances`
[INFO] [stdout]    --> src/lib.rs:922:18
[INFO] [stdout]     |
[INFO] [stdout] 922 |                     assert_eq!(<pallet_balances::Module<Runtime>>::total_balance(&1), 111);
[INFO] [stdout]     |                                 ^^^^^^^^^^^^^^^ use of undeclared type or module `pallet_balances`
[INFO] [stdout] 
[INFO] [stdout] 
[INFO] [stdout] error[E0433]: failed to resolve: use of undeclared type or module `sp_version`
[INFO] [stdout]    --> src/lib.rs:951:47
[INFO] [stdout]     |
[INFO] [stdout] 951 |             RUNTIME_VERSION.with(|v| *v.borrow_mut() = sp_version::RuntimeVersion {
[INFO] [stdout]     |                                                        ^^^^^^^^^^ use of undeclared type or module `sp_version`
[INFO] [stdout] 
[INFO] [stdout] 
[INFO] [stdout] error[E0433]: failed to resolve: use of undeclared type or module `sp_version`
[INFO] [stdout]    --> src/lib.rs:961:47
[INFO] [stdout]     |
[INFO] [stdout] 961 |             RUNTIME_VERSION.with(|v| *v.borrow_mut() = sp_version::RuntimeVersion {
[INFO] [stdout]     |                                                        ^^^^^^^^^^ use of undeclared type or module `sp_version`
[INFO] [stdout] 
[INFO] [stdout] 
[INFO] [stdout] error[E0433]: failed to resolve: use of undeclared type or module `sp_version`
[INFO] [stdout]    --> src/lib.rs:972:47
[INFO] [stdout]     |
[INFO] [stdout] 972 |             RUNTIME_VERSION.with(|v| *v.borrow_mut() = sp_version::RuntimeVersion {
[INFO] [stdout]     |                                                        ^^^^^^^^^^ use of undeclared type or module `sp_version`
[INFO] [stdout] 
[INFO] [stdout] 
[INFO] [stdout] error[E0433]: failed to resolve: use of undeclared type or module `sp_version`
[INFO] [stdout]     --> src/lib.rs:1000:18
[INFO] [stdout]      |
[INFO] [stdout] 1000 |             let current = sp_version::RuntimeVersion {
[INFO] [stdout]      |                           ^^^^^^^^^^ use of undeclared type or module `sp_version`
[INFO] [stdout] 
[INFO] [stdout] 
[INFO] [stdout] error[E0433]: failed to resolve: use of undeclared type or module `sp_version`
[INFO] [stdout]     --> src/lib.rs:1019:47
[INFO] [stdout]      |
[INFO] [stdout] 1019 |             RUNTIME_VERSION.with(|v| *v.borrow_mut() = sp_version::RuntimeVersion {
[INFO] [stdout]      |                                                        ^^^^^^^^^^ use of undeclared type or module `sp_version`
[INFO] [stdout] 
[INFO] [stdout] 
[INFO] [stdout] warning: unused import: `WeightToFeePolynomial`
[INFO] [stdout]    --> src/lib.rs:464:51
[INFO] [stdout]     |
[INFO] [stdout] 464 |         weights::{Weight, RuntimeDbWeight, IdentityFee, WeightToFeePolynomial},
[INFO] [stdout]     |                                                         ^^^^^^^^^^^^^^^^^^^^^
[INFO] [stdout]     |
[INFO] [stdout]     = note: `#[warn(unused_imports)]` on by default
[INFO] [stdout] 
[INFO] [stdout] 
[INFO] [stdout] error: aborting due to 32 previous errors; 1 warning emitted
[INFO] [stdout] 
[INFO] [stdout] 
[INFO] [stdout] Some errors have detailed explanations: E0432, E0433.
[INFO] [stdout] 
[INFO] [stdout] For more information about an error, try `rustc --explain E0432`.
[INFO] [stdout] 
[INFO] [stderr] error: could not compile `frame-executive`.
[INFO] [stderr] 
[INFO] [stderr] To learn more, run the command again with --verbose.
[INFO] [stderr] warning: build failed, waiting for other jobs to finish...
[INFO] [stderr] error: build failed
[INFO] running `Command { std: "docker" "inspect" "d9a225f52bc8ba735bd85952787904104ed6e6ada84a2594f501296aa3dc1fb0", kill_on_drop: false }`
[INFO] running `Command { std: "docker" "rm" "-f" "d9a225f52bc8ba735bd85952787904104ed6e6ada84a2594f501296aa3dc1fb0", kill_on_drop: false }`
[INFO] [stdout] d9a225f52bc8ba735bd85952787904104ed6e6ada84a2594f501296aa3dc1fb0
